330.
195
Calculate the highest common divisor of 1925 and 11207.
7
Calculate the highest common divisor of 4183032 and 56.
56
What is the highest common divisor of 11764 and 334492?
68
Calculate the highest common factor of 18203 and 300622.
109
Calculate the highest common factor of 278140294 and 428.
214
Calculate the greatest common divisor of 186017 and 5057.
13
Calculate the greatest common factor of 1000 and 13649400.
200
Calculate the highest common factor of 16108416 and 93928.
472
Calculate the greatest common factor of 267 and 18437952.
267
Calculate the highest common divisor of 296991007 and 113.
113
Calculate the greatest common factor of 497902 and 647756.
4834
Calculate the greatest common factor of 710453 and 247673.
857
Calculate the highest common factor of 6779273 and 161.
23
Calculate the greatest common factor of 13007434 and 92763.
10307
What is the highest common divisor of 326 and 332046?
2
Calculate the greatest common divisor of 48 and 4558152.
24
Calculate the highest common factor of 837 and 1960843.
31
What is the greatest common factor of 389029860 and 4780?
4780
What is the greatest common factor of 1481 and 4956102817?
1481
Calculate the greatest common divisor of 4732263 and 6912.
27
Calculate the greatest common factor of 69523536 and 1968.
1968
What is the highest common factor of 27780813 and 5?
1
What is the greatest common factor of 46188 and 525756?
12
Calculate the greatest common factor of 197512281 and 9.
9
Calculate the greatest common divisor of 4661824 and 69.
23
Calculate the highest common factor of 6424242 and 436.
218
Calculate the greatest common factor of 410429 and 16923409.
1597
What is the highest common factor of 5000 and 237875?
125
Calculate the highest common divisor of 73290 and 1100746.
698
Calculate the highest common factor of 11505578 and 8.
2
What is the greatest common factor of 951 and 11968335?
951
What is the greatest common divisor of 328876476 and 60?
12
What is the greatest common factor of 63745 and 19581793?
671
What is the greatest common factor of 3068 and 36849748?
3068
Calculate the greatest common divisor of 27370 and 10748590.
3910
Calculate the greatest common divisor of 696054 and 102.
6
What is the highest common factor of 18655 and 50645?
35
What is the greatest common divisor of 2144 and 66933536?
2144
Calculate the highest common factor of 8797950 and 32130.
1890
What is the greatest common divisor of 244 and 35525302?
122
What is the greatest common divisor of 504392 and 4928?
56
What is the highest common factor of 94123968 and 13056?
3264
What is the highest common divisor of 180 and 398926980?
180
What is the greatest common factor of 223 and 56859871?
223
Calculate the greatest common divisor of 4323 and 21006898.
1441
What is the highest common divisor of 9715 and 5739311120?
9715
What is the highest common factor of 883 and 539277239?
883
What is the greatest common divisor of 21313437 and 201?
201
What is the highest common factor of 48831395 and 255?
85
Calculate the highest common divisor of 675528 and 7224.
168
Calculate the greatest common divisor of 2073934 and 1414.
202
Calculate the greatest common factor of 138 and 2839008.
6
Calculate the greatest common factor of 1763567236 and 824.
412
What is the greatest common factor of 193672 and 3945504?
4504
Calculate the highest common divisor of 950374 and 5564.
214
Calculate the greatest common factor of 1664 and 25405120.
832
What is the greatest common divisor of 22852 and 1490484?
116
What is the highest common divisor of 40 and 107138995?
5
What is the highest common factor of 1240 and 2152485?
155
Calculate the highest common divisor of 1092490 and 6230.
70
What is the greatest common factor of 11916625 and 375?
125
What is the highest common factor of 1650 and 26755740?
330
What is the greatest common divisor of 1256 and 11538872?
1256
What is the greatest common divisor of 2091946944 and 32?
32
What is the greatest common factor of 3001 and 746579777?
3001
What is the highest common factor of 4270485 and 9795?
15
Calculate the greatest common factor of 885822769 and 19.
19
Calculate the greatest common factor of 281896 and 93520.
1336
Calculate the greatest common divisor of 12158383 and 34357.
799
What is the greatest common divisor of 288 and 2168514?
18
What is the greatest common factor of 216 and 868124376?
72
Calculate the highest common divisor of 2025 and 1809675.
675
Calculate the highest common factor of 346188 and 78948.
204
What is the greatest common divisor of 13208 and 20447635?
1651
What is the greatest common divisor of 1585068 and 96?
12
Calculate the greatest common divisor of 480 and 996311040.
480
What is the greatest common factor of 18 and 96690987?
9
What is the highest common divisor of 2457858 and 273?
39
What is the highest common factor of 725269 and 1261?
97
What is the greatest common factor of 1382772 and 1221117?
2487
What is the highest common factor of 22143 and 31702?
121
Calculate the highest common divisor of 149259 and 7920.
33
What is the highest common factor of 5852 and 11506?
22
What is the greatest common factor of 25162 and 25000088?
1094
Calculate the greatest common factor of 49376038 and 7061.
307
What is the highest common factor of 261591 and 2101?
11
What is the highest common factor of 430 and 13237985?
5
What is the highest common divisor of 175559038 and 4438?
634
Calculate the highest common divisor of 7480 and 48795032.
1496
Calculate the highest common divisor of 11507320 and 1320.
440
Calculate the greatest common divisor of 32560858 and 308.
22
Calculate the highest common divisor of 1758 and 74922.
6
What is the greatest common factor of 16445700 and 2100?
300
What is the greatest common factor of 707625 and 875?
125
Calculate the highest common factor of 4138575 and 7350.
525
What is the greatest common factor of 196 and 34282654?
98
Calculate the highest common factor of 711 and 831949.
79
What is the highest common divisor of 21254809 and 837?
31
Calculate the greatest common divisor of 262315746 and 3564.
1782
What is the greatest common factor of 492 and 16385199?
123
Calculate the highest common factor of 1940 and 3401305.
485
Calculate the highest common factor of 16533 and 956241.
99
What is the greatest common divisor of 1076014 and 477922?
394
What is the greatest common divisor of 330432880 and 160?
80
Calculate the greatest common factor of 72128 and 26464.
32
Calculate the highest common divisor of 114 and 919194.
6
Calculate the greatest common factor of 496 and 152401208.
248
Calculate the greatest common divisor of 208 and 49354084.
52
Calculate the highest common factor of 35088 and 2179536.
816
What is the greatest common divisor of 20341150 and 6450?
2150
Calculate the greatest common factor of 1146 and 2942.
2
What is the highest common factor of 783 and 1361072457?
783
Calculate the highest common factor of 150380 and 260.
20
Calculate the highest common divisor of 45668587 and 4.
1
What is the highest common factor of 212 and 278842646?
106
Calculate the greatest common factor of 4508 and 198265221.
1127
What is the greatest common factor of 6789 and 5595450?
219
What is the highest common divisor of 2007921072 and 16?
16
Calculate the greatest common factor of 49780 and 968810.
190
Calculate the greatest common divisor of 20759 and 5387.
1
Calculate the greatest common divisor of 13940190 and 12870.
990
Calculate the highest common divisor of 6322194 and 714.
6
What is the highest common divisor of 17542789 and 88?
11
What is the highest common divisor of 204414080 and 160?
160
Calculate the greatest common factor of 41 and 85211735.
41
Calculate the highest common divisor of 5741 and 122.
1
Calculate the highest common divisor of 11613 and 834666.
147
Calculate the greatest common divisor of 5340 and 47314536.
1068
Calculate the highest common factor of 50484 and 452848692.
7212
What is the greatest common divisor of 899106 and 234?
78
What is the highest common divisor of 46016 and 857744?
16
What is the greatest common divisor of 14028 and 463759?
167
What is the highest common divisor of 46646 and 24734?
166
Calculate the highest common factor of 389856 and 516336.
1488
What is the greatest common divis